48?
3
What is the tens digit of 28336?
3
What is the units digit of 2571814?
4
What is the hundred thousands digit of 1356153?
3
What is the millions digit of 6167223?
6
What is the thousands digit of 34795748?
5
What is the tens digit of 2403544?
4
What is the tens digit of 1791806?
0
What is the tens digit of 12880928?
2
What is the units digit of 609327?
7
What is the thousands digit of 1545090?
5
What is the hundred thousands digit of 413328?
4
What is the thousands digit of 10323020?
3
What is the ten thousands digit of 808481?
0
What is the units digit of 1570575?
5
What is the ten thousands digit of 5866888?
6
What is the thousands digit of 132863?
2
What is the thousands digit of 2181?
2
What is the thousands digit of 22523?
2
What is the hundreds digit of 9335355?
3
What is the ten thousands digit of 269027?
6
What is the hundred thousands digit of 656774?
6
What is the millions digit of 1299860?
1
What is the ten thousands digit of 500523?
0
What is the hundred thousands digit of 450211?
4
What is the hundred thousands digit of 219545?
2
What is the hundreds digit of 3253229?
2
What is the hundred thousands digit of 4366944?
3
What is the hundreds digit of 15665303?
3
What is the thousands digit of 21689686?
9
What is the ten thousands digit of 9343553?
4
What is the hundreds digit of 7525?
5
What is the hundreds digit of 218237?
2
What is the hundreds digit of 604268?
2
What is the thousands digit of 586804?
6
What is the ten thousands digit of 1992939?
9
What is the hundreds digit of 2847088?
0
What is the ten thousands digit of 247596?
4
What is the units digit of 2086609?
9
What is the hundred thousands digit of 203130?
2
What is the ten thousands digit of 4612869?
1
What is the hundreds digit of 663871?
8
What is the thousands digit of 93509?
3
What is the tens digit of 3541488?
8
What is the units digit of 492837?
7
What is the units digit of 2771144?
4
What is the units digit of 203139?
9
What is the ten thousands digit of 871776?
7
What is the hundreds digit of 477411?
4
What is the ten thousands digit of 4255458?
5
What is the thousands digit of 1073626?
3
What is the ten millions digit of 17312926?
1
What is the ten thousands digit of 2490350?
9
What is the ten thousands digit of 396741?
9
What is the tens digit of 2189862?
6
What is the tens digit of 5284929?
2
What is the thousands digit of 3646387?
6
What is the thousands digit of 7349452?
9
What is the units digit of 225601?
1
What is the ten thousands digit of 1029359?
2
What is the tens digit of 337629?
2
What is the units digit of 1053810?
0
What is the thousands digit of 17400?
7
What is the units digit of 392346?
6
What is the hundred thousands digit of 1262903?
2
What is the ten thousands digit of 80844?
8
What is the hundreds digit of 151054?
0
What is the tens digit of 1442301?
0
What is the units digit of 3386260?
0
What is the tens digit of 1171486?
8
What is the ten thousands digit of 257046?
5
What is the ten thousands digit of 3949357?
4
What is the hundred thousands digit of 3440586?
4
What is the tens digit of 539256?
5
What is the hundreds digit of 21436?
4
What is the tens digit of 301935?
3
What is the ten thousands digit of 166301?
6
What is the hundred thousands digit of 2267132?
2
What is the hundreds digit of 1317442?
4
What is the tens digit of 280987?
8
What is the tens digit of 64538?
3
What is the thousands digit of 1893129?
3
What is the hundreds digit of 9411477?
4
What is the hundred thousands digit of 11532223?
5
What is the units digit of 264001?
1
What is the ten thousands digit of 2940585?
4
What is the thousands digit of 413415?
3
What is the tens digit of 82031?
3
What is the tens digit of 304944?
4
What is the tens digit of 196224?
2
What is the hundreds digit of 560257?
2
What is the thousands digit of 32831978?
1
What is the ten thousands digit of 4309889?
0
What is the ten thousands digit of 308591?
0
What is the ten thousands digit of 198304?
9
What is the units digit of 33169?
9
What is the units digit of 11469408?
8
What is the hundreds digit of 25459293?
2
What is the ten thousands digit of 78993?
7
What is the tens digit of 3037857?
5
What is the ten millions digit of 22305063?
2
What is the hundred thousands digit of 1433001?
4
What is the units digit of 2546935?
5
What is the thousands digit of 68979?
8
What is the thousands digit of 4040689?
0
What is the tens digit of 715908?
0
What is the units digit of 2489021?
1
What is the thousands digit of 26529113?
9
What is the units digit of 312149?
9
What is the tens digit of 130510?
1
What is the units digit of 931321?
1
What is the tens digit of 2769719?
1
What is the thousands digit of 943409?
3
What is the units digit of 8845296?
6
What is the hundred thousands digit of 40453995?
4
What is the millions digit of 4315845?
4
What is the hundreds digit of 24397?
3
What is the tens digit of 24162833?
3
What is the tens digit of 63140?
4
What is the millions digit of 3692881?
3
What is the hundreds digit of 89320?
3
What is the units digit of 15713638?
8
What is the thousands digit of 52865?
2
What is the thousands digit of 34914390?
4
What is the thousands digit of 5202867?
2
What is the units digit of 7239?
9
What is the thousands digit of 1046347?
6
What is the tens digit of 489013?
1
What is the thousands digit of 365025?
5
What is the tens digit of 47048?
4
What is the hundreds digit of 69957?
9
What is the hundred thousands digit of 1676548?
6
What is the units digit of 1823587?
7
What is the hundred thousands digit of 10723271?
7
What is the ten thousands digit of 40740?
4
What is the millions digit of 1332845?
1
What is the ten thousands digit of 1233272?
3
What is the hundred thousands digit of 503074?
5
What is the hundreds digit of 455643?
6
What is the hundreds digit of 355534?
5
What is the millions digit of 4247041?
4
What is the thousands digit of 15298857?
8
What is the hundred thousands digit of 975751?
9
What is the thousands digit of 2541616?
1
What is the units digit of 3817569?
9
What is the millions digit of 2284764?
2
What is the hundreds digit of 888991?
9
What is the ten thousands digit of 221662?
2
What is the tens digit of 3759883?
8
What is the units digit of 365487?
7
What is the ten thousands digit of 7078519?
7
What is the hundreds digit of 290930?
9
What is the hundreds digit of 484018?
0
What is the millions digit of 1117855?
1
What is the tens digit of 213666?
6
What is the hundred thousands digit of 12009926?
0
What is the ten thousands digit of 969982?
6
What is the hundred thousands digit of 1111593?
1
What is the hundreds digit of 159581?
5
What is the hundred thousands digit of 160671?
1
What is the units digit of 606984?
4
What is the ten thousands digit of 32756639?
5
What is the units digit of 297259?
9
What is the ten thousands digit of 55253?
5
What is the hundred thousands digit of 29982016?
9
What is the units digit of 36713973?
3
What is the units digit of 8448254?
4
What is the millions digit of 1079735?
1
What is the tens digit of 2275077?
7
What is the hundred thousands digit of 2517470?
5
What is the units digit of 573221?
1
What is the thousands digit of 134522?
4
What is the ten thousands digit of 145907?
4
What is the thousands digit of 7387355?
7
What is the ten thousands digit of 8079745?
7
What is the ten thousands digit of 157454?
5
What is the units digit of 399125?
5
What is the tens digit of 6552551?
5
What is the hundreds digit of 113324?
3
What is the millions digit of 7873548?
7
What is the units digit of 792034?
4
What is the hundreds digit of 1084945?
9
What is the ten thousands digit of 760396?
6
What is the ten thousands digit of 3815344?
1
What is the hundred thousands digit of 343133?
3
What is the ten thousands digit of 804591?
0
What is the hundred thousands digit of 114617?
1
What is the tens digit of 218615?
1
What is the hundred thousands digit of 6829271?
8
What is the units digit of 660342?
2
What is the hundreds digit of 1792?
7
What is the ten thousands digit of 216616?
1
What is the hundreds digit of 54015?
0
What is the tens digit of 678374?
7
What is the units digit of 14791266?
6
What is the units digit of 224086?
6
What is the ten thousands digit of 799586?
9
What is the hundred thousands digit